3*j + 28328 = 2*j, 0 = -5*k + 2*j + 47215. List the prime factors of k.
3, 1049
Suppose -3*s + 4*s - 8 = 4*c, -2*c + 18 = 5*s. Let i(h) = -14*h - 4 + 7*h - h**2 + 5 - s. What are the prime factors of i(-4)?
3
Let c = 4245 - 2933. What are the prime factors of c?
2, 41
Let k(b) = 351*b + 10544. List the prime factors of k(0).
2, 659
Let l(f) = 182*f + 25. Suppose 16*r - 60 = 6*r. What are the prime factors of l(r)?
1117
Let p be (252/(-24))/(2*(-1)/28). Let n = p + -120. List the prime factors of n.
3
Let t be 38337/11 - 14/77. Suppose -475 = -24*b + t. What are the prime factors of b?
3, 5, 11
Suppose -2*b = -3*l + 9, 6*l - 5 = 7*l + 2*b. List the prime factors of -4 + (901/(-68))/(l/(-12)).
5, 31
Let t be 146 - 8*1/(-2). Suppose -3*x + 2*x - t = -3*q, -q + 50 = 5*x. List the prime factors of q.
2, 5
Let f be 0 - (24/(-4) - (1 + -5)). Suppose 0*u + 608 = g + f*u, -3*g + 4*u = -1774. List the prime factors of g.
2, 13, 23
Suppose -665 = -i - 2*x + 7*x, -2*x = 3*i - 2063. Let g = 122 + i. List the prime factors of g.
3, 269
Let n(s) be the second derivative of s**4/2 + 13*s**3/6 - 12*s**2 + 2*s + 22. List the prime factors of n(6).
2, 3, 5
Let z = -41 - -79. Let g = 33 - z. List the prime factors of (-3)/g + ((-3978)/15)/(-3).
89
Suppose 2*r - 7 = 1. Suppose -r = -3*t + 8. What are the prime factors of 849/8 - t/32?
2, 53
Let m(l) = -75*l - 1. Let b be m(-1). Let x = b - 73. What are the prime factors of x + 1 + 130 + 7?
139
Suppose -17*t + 16*t - 4 = 0. What are the prime factors of -4*(t + 9/4)?
7
Let n be (-12)/(-8) + 10/4. Suppose -4*l = -n*o - 10332, o = l + 3*o - 2595. What are the prime factors of (1 + 2)*l/39?
199
Let x be (-3 - 1)/8*-530. Suppose 0 = -5*h - 2*a - 3*a + x, h = a + 47. List the prime factors of h.
2, 5
Let l = 745 - 746. Let j(h) = -22*h**3 - 2*h + 0 - 18*h**3 - 1. What are the prime factors of j(l)?
41
Let b = -120 + 186. List the prime factors of b/99 - 3314/(-6).
7, 79
Suppose -5*l + 8 = -4*l - 2*f, 5*f = l - 11. Suppose -2*n - 2 = l. List the prime factors of (-6)/n*-137*(-2)/3.
137
Let w(h) be the third derivative of -3*h**4/4 + h**3/3 - h**2 - 2*h. Suppose 5*k = -0*k - 5. What are the prime factors of w(k)?
2, 5
Let j(y) = y**2 + 2*y + 7. Let k be j(0). Suppose 833 = k*f - 364. List the prime factors of f.
3, 19
Let i(y) = 26 - 2*y + 46 - 6*y. List the prime factors of i(-14).
2, 23
Suppose 0 = -8*g + 9*g + 2, 0 = -o + 3*g - 34. List the prime factors of 4/(o/(-4938)) - (-2)/10.
2, 13, 19
Suppose 0 = 5*t - 4*z - 6, 0*z - 3 = -3*z. Suppose 0 = 8*y - 18 + t. Suppose 29 = y*n - 201. List the prime factors of n.
5, 23
Let w = 12125 + -6312. What are the prime factors of w?
5813
Let o(s) = 4*s - 2 + 16*s**2 - 1 - 3*s**3 + 2*s**3 - 14*s**2. Let g be o(3). Let k = g - -47. What are the prime factors of k?
47
Let s(w) = -w**2 - w - 1. Let x(t) = -11*t**2 - 124*t + 1. Let n(l) = 3*s(l) - x(l). List the prime factors of n(-16).
2, 3
Let y be 5/4 + ((-765)/(-36))/(-17). Suppose y = -123*t + 126*t - 5847. List the prime factors of t.
1949
Let x = -45 - -38. Let k be (-3)/2*(-20)/(-15) - x. Suppose 3*h = -2*s - 1, -k*h + h - 4*s - 8 = 0. List the prime factors of h.
3
Let i(v) = -v**2 - 94*v + 11586. List the prime factors of i(0).
2, 3, 1931
Suppose -2*g + 25558 = 70*y - 68*y, 0 = 2*g + 2. What are the prime factors of y?
2, 3, 5, 71
Suppose 99*u + 161029 = 1156177. What are the prime factors of u?
2, 7, 359
Suppose 34*d - 4604 - 1682476 = 0. What are the prime factors of d?
2, 3, 5, 827
Suppose 3*k + 9 + 10 = -t, 0 = 3*t + 4*k + 52. What are the prime factors of (-591)/((-12)/(t/(-4)))?
197
Let t(c) = -41*c**3 + 37*c**2 + 98*c - 8. What are the prime factors of t(-6)?
2, 11, 109
What are the prime factors of (-12150)/(-1) + 16/(6 + 10)?
29, 419
Let j = 13278 - 970. List the prime factors of j.
2, 17, 181
Let d be -116*((-164)/16 - -3). Suppose 279 = l - 5*i + 4*i, -3*l = -4*i - d. What are the prime factors of l?
5, 11
Suppose -9*y + 7*y - 2*x = -1432, 5*x + 5 = 0. What are the prime factors of 26/13 + y + -1?
2, 359
Let x(l) = -4229 - 4225 + 12689 + l - 4223. Suppose 4*t + t = 0. What are the prime factors of x(t)?
2, 3
Suppose -15450 = -5*o - f + 61309, -f + 46057 = 3*o. What are the prime factors of o?
3, 7, 17, 43
Let l = 3092 - 1888. Suppose 3*b + 328 = l. Suppose 7*x = 11*x - b. List the prime factors of x.
73
Let c(h) = 2*h**2 - 20*h - 5. Let n be c(12). Let u = n - -65. What are the prime factors of u?
2, 3
Let y(m) = 11*m**2 - 41*m - 17. Let v be y(18). Suppose 5*f + 3*l = 7092, -v - 2865 = -4*f - 2*l. What are the prime factors of f?
3, 11, 43
Let x(q) = 53 + 53 + 2*q + 137*q**2 - 105. What are the prime factors of x(2)?
7, 79
Let i = -31 - -30. Let t(p) = -35*p + 2. Let v be t(i). Suppose 0 = -4*o - 3*g + 59, 4*g - 37 = -5*o + v. What are the prime factors of o?
2, 7
Let d = 1560 + -1556. Let j(l) = 56*l**2 - l + 5. Let z be j(4). List the prime factors of z/6 - 6/d.
2, 37
Suppose 0 = 4*w - 15987 + 2355. Suppose 4*t - w = -0*t - 3*y, t + 2*y = 857. List the prime factors of t/15 - 15/25.
2, 7
Let z = -448 + 666. Let n = -167 + z. What are the prime factors of n?
3, 17
Let o be 10/(3*(-8)/(-12)). Suppose c - 475 = 3*a, o*a - 1397 = 5*c - 8*c. List the prime factors of c.
7, 67
Let w(f) = 535*f**2 + 16*f - 47. List the prime factors of w(3).
2, 7, 43
Suppose 5*c + 6*c + 39340 = 21*c. What are the prime factors of c?
2, 7, 281
Suppose -5*x + 19786 - 6066 = 9*x. What are the prime factors of x?
2, 5, 7
Suppose 7*m - 2*m + 12040 = 5*w, 0 = 3*w + 2*m - 7204. List the prime factors of w.
2, 601
Let r be 3 - (-7 - -10)*(-2)/(-6). Suppose -2*d = r*w - 586, 86*d - 281 = -w + 82*d. What are the prime factors of w?
3, 11
Suppose 0 = -11*d + 501135 - 82134. Suppose 59*s - d - 37075 = 0. List the prime factors of s.
2, 7, 13
Suppose -8 = -2*m - 2, 3*m = 4*r - 7. Suppose -d + 18 = 2*f + f, r*f - 4*d - 8 = 0. Suppose -j = f*j - 642. What are the prime factors of j?
107
Let w be 14/42 - (-5)/3. Suppose -5*n = 3*m - 2568, -w*m + 2044 = 4*n + 3*m. Suppose 4*u - n = 4*t, 4*t - 6 = -2. List the prime factors of u.
2, 5, 13
Suppose -18 = p + 3*p + 2*w, 4*p = -4*w - 16. List the prime factors of 1485 - (2 + -7) - p.
5, 13, 23
Let v(u) = -u**3 - u - 1. Let d(h) = -13*h**3 + 3*h**2 - 8*h. Let b(w) = -d(w) + 6*v(w). Let n be b(-3). Let k = 391 + n. What are the prime factors of k?
163
Let z be (-28)/(-84) - (-1)/3*59. Let n(h) = 0*h - 55 + 5*h + z - h. What are the prime factors of n(10)?
5
List the prime factors of -3 + (-3)/(-1) - (-10914 + (-4 - 3)).
67, 163
Let z be (-3)/9 - -10*265/30. Suppose -12*w - z = -20*w. Suppose -w*l + 400 = -9*l. What are the prime factors of l?
2, 5
Suppose 0 = -90*v - 201672 + 279825 + 395697. What are the prime factors of v?
3, 5, 13
Let a be (18/21)/(1/(-7)). Let t be (0 - 4)/(a/15). Suppose t*z - 13*z = -309. List the prime factors of z.
103
Let x(p) = -7*p - 26. Let z be x(9). Let l = 107 + z. List the prime factors of (-2 + 1 + 128)*(l + -17).
127
Let b(q) = 31*q - 150. Let n be b(7). Suppose m - n - 116 = 3*u, 0 = -5*u - 10. List the prime factors of m.
3, 59
Suppose -4*n + 283 = -25. Suppose -2*d = c - 0*d - 3, -d = -3*c + 16. Suppose -5*y + 439 = 2*a, y + 0*a = c*a + n. What are the prime factors of y?
3, 29
Let y = -2627 - -13034. List the prime factors of y.
3, 3469
Let s(o) = -o**3 + 25*o**2 + 56*o + 54. Let c be s(27). Suppose -2330 = -110*x + c*x. What are the prime factors of x?
5, 233
Suppose 0 - 2 = -u. Let o(q) = -5 + 7 - 6*q - q**u + 17 + 2. List the prime factors of o(-7).
2, 7
Suppose 181077 = 9*z + 94898 - 132692. List the prime factors of z.
83, 293
Let n(r) = r**3 - 3*r**2 - 7*r + 13. Let f(p) = -10 - 3*p - 2*p + 30. Let u be f(3). List the prime factors of n(u).
2, 7
Let d(x) = -1289*x + 3788. What are the prime factors of d(-7)?
23, 557
Let j(u) = 16*u + 18*u + 17 - 36*u. Let i be j(7). Suppose -v + 374 = 4*a - i*v, -v + 101 = a. List the prime factors of a.
2, 3
Suppose -3*m + 9 = -9. Suppose j + m = 3*j. Suppose -j*z + a + 229 = 3*a, 2*a = -8. What are the prime factors of z?
79
Let o = 20 + -17. Let q(h) = -4*h + o*h**2 - h**2 + 3*h - 6*h - 23. List the prime factors of q(8).
7
Let o be -1*(-6)/4*40/30. Let c be (o/(-6))/(13/(-1274))*3. Let t = c + -17. List the prime factors 